me factors of 1 + 123 + 4 + -6?
2, 61
Suppose 0*f - 5*f = -10. Let o(q) = q**3 + 2*q - 3. Let a be o(f). What are the prime factors of (-6)/a*3 + 10?
2
Let n(d) = -d - 4. Let o be n(-6). List the prime factors of 12 - 0/(o/(-1)).
2, 3
Let q be (-2)/(-1*(-6)/9). Let s(n) = 2*n**2 - 2. List the prime factors of s(q).
2
Suppose 3*m = m + 8. Suppose 3*i - 28 = -2*i + g, 2*g - 14 = -m*i. List the prime factors of i.
5
Suppose 5*g = 345 + 545. What are the prime factors of g?
2, 89
Let y(m) = 4*m + 10. Let c(b) be the third derivative of -7*b**4/24 - 10*b**3/3 + 2*b**2. Let f(w) = -3*c(w) - 5*y(w). List the prime factors of f(-8).
2
Let o(q) = -133*q**3 - 2*q**2 - q. Let c be o(-1). Let r = -91 + c. List the prime factors of r.
41
Let m = 94 + -34. What are the prime factors of m?
2, 3, 5
Let n = 2 + 0. Suppose n*w + 55 = 3*x, 6*x = x + 2*w + 93. List the prime factors of x.
19
Suppose -13 = -p + 2. Let b be (-2)/(-5) - (-24)/p. Suppose 43 - 13 = b*m + 4*d, -3*d + 40 = 4*m. List the prime factors of m.
7
Let r(w) = w**3 - w**2 - w + 54. List the prime factors of r(0).
2, 3
Let n(t) = -5*t - 1. What are the prime factors of n(-8)?
3, 13
Let i be (4/(-3))/((-4)/6). Let r be 7 + -1*2 - i. Suppose r*c = b - 2*c - 6, -4*c - 24 = -4*b. What are the prime factors of b?
2, 3
Let k = -85 + 111. What are the prime factors of k?
2, 13
Let u(r) = -2*r**3 - 2*r**2 + 7*r - 24. Let w(b) = b**3 + b**2 - 4*b + 12. Let x(m) = -4*u(m) - 7*w(m). List the prime factors of x(0).
2, 3
Let z(j) = j**2 - 1. Let t be z(0). Let d(y) = -y**3 + 2*y**2 + y. Let g be d(t). Suppose 0*s + s = 2*u + g, 0 = s + 5*u - 16. What are the prime factors of s?
2, 3
What are the prime factors of (-126)/(-4) + (-4)/8?
31
Let v be 2/(-7) - (-23)/7. Suppose v*o - 15 = -2*o. List the prime factors of o.
3
Suppose -2*k = -0*k - 2. Let n be (k - (0 - 1)) + 1. Suppose 6 = -4*c - 3*a + 27, a = n. List the prime factors of c.
3
Suppose -3*u + 30 = 2*u. Suppose c = -c + 2*n + 12, 0 = 3*c + n - u. Suppose c*t = -t + 48. List the prime factors of t.
2, 3
Let c = 57 - 62. Let g(h) = 4*h**3 + 1. Let p be g(-1). List the prime factors of 1/(p/(c*3)).
5
Let v(u) = -u**3 + 7*u**2 - 2*u - 4. Let z be v(6). Suppose 0*m - m = -z. What are the prime factors of m?
2, 5
Let f = -4 + 8. Suppose -2*t + 4 = -f. Let n = 3 + t. What are the prime factors of n?
7
Suppose -g + 5 = -4*z, 20 = 3*z - 0*z + 4*g. Let m be (z - 3) + 4 + -5. What are the prime factors of m/(-10) + 192/20?
2, 5
What are the prime factors of (127/3)/(5/15)?
127
What are the prime factors of ((-279)/6 - -1)*6/(-3)?
7, 13
Let g = -19 + 34. What are the prime factors of g?
3, 5
Let y be 4/8*(4 - 0). Let j be (y/(-4))/((-3)/24). Suppose j*g - 44 = -0*g. List the prime factors of g.
11
Let f = -196 - -355. List the prime factors of f.
3, 53
Suppose -3*m = -v + 3, -m - 3*v + 2 = -3*m. What are the prime factors of 96/9*(m + 4)?
2
Let v be -12*(-1 - -4)/(-3). Suppose 5*w - v = 13. Suppose -5*u + 0*a = -5*a, 20 = w*u - a. What are the prime factors of u?
5
Let r = 113 + 15. What are the prime factors of r?
2
Let z(u) be the first derivative of u**2 - 4*u - 2. Let m be z(3). Suppose m*l = 7*l - 15. List the prime factors of l.
3
Suppose 7*o - 4*o = 0. Suppose o*y + 2*y - 8 = 0. Suppose 2*w + y - 24 = 0. List the prime factors of w.
2, 5
Suppose 4*d + d + 290 = 0. Let l = d - -85. Suppose -z - 5*b + 10 = 3*z, b = 5*z - l. What are the prime factors of z?
5
Let n = -390 - -716. List the prime factors of n.
2, 163
Let d be (-2 - -2 - -3)*1. Suppose 4*i - 33 = -a, -i = d*a - 2*a - 12. List the prime factors of i.
7
Let c = -100 + 153. What are the prime factors of c?
53
Let o(u) = 4*u. Let h be 8*(2 - 0/(-1)). Let p be h/6 - 1/(-3). List the prime factors of o(p).
2, 3
Suppose 24*v - 2988 = 4308. What are the prime factors of v?
2, 19
Let i be 8/12 + 4/(-6). Let r be (-3)/9*i + 1. What are the prime factors of -15*-2*r/6?
5
Suppose 2*h = 3*h - 1. Let p(n) = -n**2 - 11*n - 5. Let y be p(-9). List the prime factors of y - (h - -1) - -1.
2, 3
Let d(u) = 6*u - 15. List the prime factors of d(7).
3
Let y(p) = p**3 + 6*p**2 + 5*p + 3. What are the prime factors of y(-4)?
3, 5
Let d be 6/12 + 5/2. Suppose s = 3*k + 37, 111 = d*s - 2*k + k. List the prime factors of s.
37
Let z be (6/(-12))/(1/(-8)). Suppose 5*l + 3 = -5*d + 8, -l + 2*d = -z. List the prime factors of 32/l - (-14)/7.
2, 3
Suppose 82 = 2*t + 5*g - 231, -480 = -3*t - 4*g. What are the prime factors of t?
2, 41
Let a = 55 + 4. What are the prime factors of a?
59
Suppose -8*w + 3*w = -35. Let s = w - 6. What are the prime factors of 5 + (1 - (-1)/s)?
7
Let i = 85 + -44. What are the prime factors of i?
41
Let z(k) = -k - 23. Let p be z(-13). List the prime factors of (-10)/(-2)*(-44)/p.
2, 11
Suppose -116 = -7*b + 3*b. Let p = b - 7. What are the prime factors of p?
2, 11
Let y be -16*(10/4)/(-5). Suppose y = d - 0. What are the prime factors of d?
2
Let k = 33 - 15. Suppose q = 0, 0 = -f - 2*f + 3*q + k. Suppose 0 = -3*h + 5*t + 34, 2 + f = -4*h - 4*t. What are the prime factors of h?
3
Let r = 46 - 17. Let h = r - 19. What are the prime factors of h?
2, 5
Let i = 82 - 48. Suppose 4 = -2*c + i. What are the prime factors of c?
3, 5
Suppose -3 = -i + s, 5*i + 3*s + s = 15. What are the prime factors of i?
3
Suppose 49 = 4*u - s - 119, -4*u + 172 = -2*s. What are the prime factors of u?
41
Suppose -5*o - 4*m - 137 + 36 = 0, 0 = -3*o + 4*m - 35. Let y be ((-2)/6)/(3/279). Let v = o - y. What are the prime factors of v?
2, 7
Let k be 1 + (-14)/4*2. Let o be -3 + k + (1 - 4). List the prime factors of ((-27)/2)/(o/16).
2, 3
List the prime factors of ((-33)/4)/(15/(-40)).
2, 11
Let t(s) be the third derivative of s**5/60 + s**4/3 - 7*s**3/6 + 3*s**2. List the prime factors of t(5).
2, 29
Suppose -2 + 17 = 5*o. Suppose -2*u + o*u + 2 = 0. What are the prime factors of -9*u/(-10)*-5?
3
Let q(d) be the third derivative of -d**5/60 + d**4/3 + 2*d**3/3 + d**2. Let a be q(8). Suppose -v = v - a. List the prime factors of v.
2
Let b(u) = -13*u**3 - 2*u - 1. Let c be b(-1). Let y(s) = 2*s - 25. Let j be y(15). Suppose 0 = 4*n - j*n + c. List the prime factors of n.
2, 7
Suppose q = -q + 30. What are the prime factors of q?
3, 5
Suppose 4*z + 2*j = 8, 3*j - 10 = z + 2. Suppose 114 = 5*i + 4*u, 4*i + 0*u - 2*u - 112 = z. What are the prime factors of i?
2, 13
Let p(s) = -s**2 + 6*s + 2. Let l be p(7). Let r(a) = -5*a - 2. List the prime factors of r(l).
23
Let c be -75*((-3)/(-9) + -1). Suppose 2*z + z - c = -s, 0 = 3*z + 3*s - 60. What are the prime factors of z?
3, 5
List the prime factors of (-3 - -158)/(2 + -1).
5, 31
Let j = -8 + 10. List the prime factors of j.
2
Suppose -4*l + 3*l - 3*w + 32 = 0, l - 28 = -5*w. What are the prime factors of l?
2, 19
Let j(i) = -i**2 + 5*i + 3. Let k be j(4). Suppose -2*y + 5 = -k. Let a = y + 5. List the prime factors of a.
11
Suppose 0 = -2*c + 3*c - 80. What are the prime factors of c?
2, 5
Let p(c) = -c**2 + 5*c + 1. Let w be p(2). Suppose -4*t = 3*u + 47, -4*t - 65 = -2*u - u. Let d = w - t. List the prime factors of d.
3, 7
Suppose 0 = 2*f + 3*f. Suppose -3*d = -f*d - u - 67, -2*d + 62 = -5*u. List the prime factors of d.
3, 7
Let r(k) = -k**3 + 6*k**2 - 5*k + 3. List the prime factors of r(4).
3, 5
Let z = 114 - 59. Let a = z - 34. List the prime factors of a.
3, 7
Let w be (-3 - -2)*(3 + 1). Let a be (-436)/(-18) + w/18. Let c = a - 15. What are the prime factors of c?
3
Let y(v) = -4*v - 11. Let r = -7 + 2. Let k(s) = 5*s + 10. Let u(a) = r*k(a) - 6*y(a). List the prime factors of u(9).
7
Let r = 447 + -299. What are the prime factors of r?
2, 37
Let p = -76 + 131. Let z = p - 31. List the prime factors of z.
2, 3
List the prime factors of 68/((9/3)/((-15)/(-2))).
2, 5, 17
Suppose -6*t + 30 = -t. Suppose -3*w - 2 = 4*a, 2*a + 3 = -3*w + 5. Suppose w*f + t - 24 = 0. List the prime factors of f.
3
Let t(z) = -6*z - 2. Let o be t(-6). Let g = 47 - o. List the prime factors of g.
13
Suppose -4*h - 30 = h. Suppose 4*j - 5*j - 5*m + 33 = 0, j - 2*m - 5 = 0. Let t = h + j. What are the prime factors of t?
7
Let d = 20 - 7. Suppose d*u - 8*u = 120. What are the prime factors of u?
2, 3
Suppose p = 5*v + 3, p + p - 6 = 3*v. Let m(z) = z + 2. Let h be m(0). Suppose v = -a + h